297?
33
Calculate the greatest common divisor of 30891112 and 1064.
1064
Calculate the greatest common factor of 164734 and 3379.
31
Calculate the highest common factor of 358193814 and 16302.
1254
What is the highest common divisor of 597847464 and 2736?
1368
Calculate the greatest common factor of 1056 and 4885320.
264
Calculate the greatest common factor of 1722 and 7952154.
42
Calculate the highest common divisor of 16864 and 1063928.
136
Calculate the highest common factor of 80 and 157584760.
40
What is the highest common divisor of 1070 and 440550?
10
Calculate the greatest common factor of 1676542 and 42.
14
Calculate the highest common factor of 60096 and 65118.
6
Calculate the greatest common divisor of 21932845 and 165.
55
Calculate the greatest common divisor of 15728202 and 6426.
378
What is the greatest common factor of 2595428 and 132?
44
Calculate the greatest common factor of 4650 and 7019175.
2325
Calculate the greatest common divisor of 116583146 and 530.
106
Calculate the greatest common divisor of 495 and 1523272410.
495
What is the greatest common factor of 55080 and 278120?
680
Calculate the greatest common divisor of 138 and 84298878.
6
Calculate the greatest common divisor of 146687 and 4841.
47
What is the greatest common divisor of 1039614 and 348331?
163
What is the greatest common divisor of 576 and 7377444?
36
What is the highest common divisor of 50197 and 4532173?
101
What is the greatest common divisor of 1065 and 379536393?
213
Calculate the highest common factor of 731649 and 4089.
141
Calculate the greatest common factor of 2883 and 12052583.
31
Calculate the highest common factor of 612 and 30357846.
18
Calculate the highest common divisor of 43707249 and 6993.
999
What is the highest common factor of 6086812 and 966?
46
What is the greatest common divisor of 333245 and 2860?
55
What is the greatest common factor of 20767397 and 14?
7
Calculate the highest common factor of 394 and 861026718.
394
What is the greatest common divisor of 120 and 24735228?
12
Calculate the highest common factor of 4418 and 6915674.
94
Calculate the highest common divisor of 1674 and 3650405.
31
Calculate the highest common factor of 549279 and 17145.
9
What is the highest common factor of 15894 and 2817?
9
What is the greatest common divisor of 3483 and 48248838?
1161
What is the highest common divisor of 700118 and 232?
58
Calculate the highest common factor of 14970 and 546.
6
What is the greatest common divisor of 9 and 1714017?
3
Calculate the greatest common divisor of 15157500 and 139590.
1410
Calculate the highest common divisor of 60 and 268791.
3
What is the highest common divisor of 37 and 53065696?
37
What is the greatest common factor of 10905 and 688680?
15
What is the highest common divisor of 91 and 11715291?
7
What is the greatest common factor of 570830 and 1755?
65
Calculate the greatest common divisor of 71177 and 24151858.
653
Calculate the greatest common divisor of 1945333 and 533.
13
Calculate the greatest common factor of 244738052 and 251.
251
What is the highest common divisor of 7820 and 516847260?
7820
What is the greatest common divisor of 2540 and 8924290?
1270
Calculate the greatest common divisor of 3360186 and 18513.
153
What is the highest common divisor of 294710 and 3?
1
Calculate the greatest common divisor of 11744602 and 148426.
3158
What is the highest common factor of 11 and 53956408?
11
What is the greatest common divisor of 17181984 and 1424?
1424
Calculate the highest common factor of 2198094 and 55263.
327
What is the greatest common divisor of 5 and 39510733?
1
Calculate the greatest common divisor of 15778 and 4278736.
322
Calculate the greatest common divisor of 714 and 529890.
102
Calculate the highest common divisor of 1728 and 9608064.
192
What is the highest common factor of 10397150 and 5290?
230
What is the greatest common factor of 4009475 and 34960?
2185
What is the greatest common divisor of 2637971 and 56?
7
What is the highest common divisor of 125774 and 34166?
22
Calculate the greatest common divisor of 43029 and 821649.
2049
What is the highest common factor of 5279 and 128760089?
5279
What is the greatest common factor of 134329 and 12129?
13
Calculate the highest common divisor of 6165047 and 574.
287
Calculate the greatest common factor of 526053848 and 68.
68
What is the greatest common factor of 10343633 and 15283?
493
What is the greatest common divisor of 1173 and 186808070?
391
What is the greatest common factor of 140 and 1000076?
28
What is the greatest common factor of 1345312 and 901?
17
Calculate the highest common factor of 2736307 and 14.
7
What is the highest common divisor of 436373 and 58786?
2261
What is the greatest common factor of 1370415 and 40479?
309
What is the greatest common factor of 289088930 and 195?
65
What is the greatest common factor of 16122918 and 371?
371
Calculate the highest common divisor of 2404122 and 609.
21
Calculate the highest common factor of 217554975 and 549.
549
What is the greatest common divisor of 324 and 959988?
12
Calculate the highest common divisor of 197747 and 1551.
11
Calculate the greatest common factor of 44 and 201634.
2
Calculate the highest common factor of 3024 and 43352064.
3024
What is the highest common factor of 53273 and 791439?
319
What is the greatest common divisor of 7638464 and 64?
64
Calculate the greatest common factor of 121310 and 32179.
7
Calculate the greatest common factor of 154619 and 2.
1
Calculate the highest common divisor of 303183 and 287817.
591
What is the highest common divisor of 73094 and 116021062?
10442
Calculate the highest common factor of 167989 and 278907.
31
Calculate the highest common factor of 380 and 2289994.
38
What is the highest common divisor of 25788 and 2115844?
1228
What is the highest common divisor of 2936041 and 257951?
1643
Calculate the greatest common divisor of 5353312 and 1038.
346
What is the highest common divisor of 14470 and 6850098?
2894
Calculate the greatest common factor of 5717411 and 309535.
1997
What is the highest common divisor of 236156 and 516?
172
What is the greatest common factor of 2070 and 3143640?
690
Calculate the highest common factor of 5082 and 16747962.
462
What is the highest common divisor of 2365143 and 1177?
11
What is the highest common factor of 6801840 and 83660?
940
What is the highest common divisor of 25267919 and 251?
251
Calculate the greatest common factor of 64641 and 130025.
743
What is the greatest common divisor of 1242505 and 115005?
2255
What is the highest common divisor of 56001855 and 2730?
1365
What is the highest common divisor of 858 and 761046?
858
What is the greatest common factor of 217 and 46373923?
31
Calculate the highest common divisor of 443582228 and 424.
212
Calculate the greatest common factor of 91672 and 4158.
14
What is the greatest common factor of 4168 and 8044?
4
What is the greatest common divisor of 13699 and 1404081?
133
What is the greatest common factor of 14961 and 51745112?
4987
Calculate the highest common divisor of 34174151 and 121.
121
Calculate the highest common divisor of 42433804 and 1127.
1127
Calculate the highest common divisor of 32663 and 1400771.
89
What is the greatest common divisor of 3477599 and 2854?
1427
Calculate the greatest common divisor of 3975 and 2230611.
159
What is the highest common divisor of 2378 and 1076851142?
2378
What is the highest common divisor of 675 and 557955?
135
What is the highest common factor of 690322 and 124942?
698
What is the highest common divisor of 58459 and 34193?
1103
Calculate the greatest common factor of 42 and 19215294.
42
What is the greatest common divisor of 19030 and 110610?
10
Calculate the highest common factor of 5429190 and 2730.
390
Calculate the greatest common factor of 1482 and 6106828.
494
Calculate the greatest common divisor of 2147953 and 4623.
67
What is the greatest common divisor of 1472 and 11874624?
1472
What is the greatest common divisor of 3059 and 802921?
133
What is the highest common divisor of 49373173 and 899?
31
Calculate the greatest common factor of 25574 and 30827438.
1346
Calculate the greatest common divisor of 164082 and 4953374.
2378
Calculate the highest common divisor of 